z) = z**3 + 10*z**2 - 5*z - 41. Let v be c(-10). Calculate the highest common divisor of 3 and v.
3
Let r = 1787 + -1178. Calculate the greatest common divisor of 42 and r.
21
Let v(f) = -f**2 + 8*f - 8. Let h be v(5). Let o(d) = -d**2 - 8*d - 3. Let i be o(-7). Let k be -42*(6/i)/(-1). What is the highest common divisor of k and h?
7
Let a(d) = -d**3 - 9*d**2 + 11*d + 16. Let p(i) = i**2 + 12*i - 10. Let j be p(-12). Let z be a(j). Calculate the highest common factor of z and 42.
6
Let z be (0 - 1)/((-2)/4). Let h(a) = 2*a - 22. Let v be h(10). Let s be (13/z)/((-1)/v). What is the greatest common divisor of 91 and s?
13
Let u be 2/5 + 1 + (-233)/(-5). Suppose -2*l - l = -36. What is the highest common factor of l and u?
12
Suppose 123*j - 119*j - 1444 = 0. What is the greatest common divisor of j and 76?
19
Let c = 89 + -51. Suppose -c - 60 = -7*v. What is the highest common factor of 182 and v?
14
Let m be 8/(-5)*(-15)/6. Let o = 8 - m. Calculate the highest common divisor of o and 4.
4
Let i(g) = 26*g - 26. Let l be i(2). Calculate the greatest common divisor of l and 78.
26
Let a(m) = 38*m**2 + 8*m + 38. Let g be a(8). Calculate the greatest common factor of 14 and g.
14
Let x = -15 - -20. Suppose 3*a + a = -x*m + 8, -2*a - 18 = -3*m. Calculate the greatest common factor of m and 36.
4
Let n = 535 + -381. Let w(s) = -s**2 + 19. Let y be w(-4). Let d be 6/4*44/y. Calculate the highest common factor of d and n.
22
Suppose n + d - 5*d = 37, 0 = -2*n - 5*d + 22. Let l be (-6)/n - 374/14. Let p be -2 - -2 - 3 - l. What is the highest common factor of 24 and p?
24
Suppose -2*a + 2150 = 3*z, -5*z - 50*a = -55*a - 3625. Calculate the greatest common factor of 45 and z.
45
Let g = 826 - 759. What is the greatest common factor of g and 469?
67
Suppose -39*k = -21*k - 396. What is the greatest common factor of k and 187?
11
Let b(y) = 20*y**2 + 5*y + 6. Let i be b(-1). Suppose -4*x - 2067 + 23939 = 0. Let h be (-4)/26 - x/(-52). What is the greatest common factor of h and i?
21
Suppose 6*a - 5*w - 24 = 7, 4*a = -4*w + 28. Let k = 19 - -21. Suppose -4*p - 16 + k = 0. Calculate the highest common factor of a and p.
6
Let i(h) = 10*h**3 - 2*h**2 - 7*h + 9. Let j be i(3). Calculate the highest common factor of 12 and j.
12
Let y(p) = p - 1. Let n be y(1). Suppose n = -7*r + 4*r + 660. What is the highest common factor of r and 20?
20
Suppose 364 = 3*a + 2*h, 2*a - 41 = 2*h + 195. Calculate the highest common factor of 200 and a.
40
Let a be (-16)/136 + (-1413)/(-17). Let u = a + -59. What is the greatest common divisor of 72 and u?
24
Let f(d) be the second derivative of -1/6*d**3 + 0 + 3*d + 8*d**2. Let b be f(0). What is the greatest common factor of b and 96?
16
Let t = 136 - 66. What is the greatest common factor of 280 and t?
70
Let o be (-7 - -5)*(-105 - 9). Calculate the highest common factor of o and 171.
57
Suppose 36*u - 404 = 7*u + 60. Let g be 27/5 + (-10)/25. Suppose -l + 27 = g*k, 3*l - 5*k + 0 = -19. What is the highest common factor of l and u?
2
Let l be -2*(-112)/(-24)*-6. What is the greatest common divisor of l and 40?
8
Let x be 69/(-12) - 1/4. Let y be 2/x*3 + 89. Calculate the highest common divisor of y and 11.
11
Let s(y) = 22*y - 217. Let g be s(16). Calculate the highest common divisor of 630 and g.
45
Let w = 9 + -9. Suppose w = 2*s - 137 - 53. Suppose 2*u - 86 = -4*r, -5*r - 4*u + s = u. What is the greatest common divisor of 3 and r?
3
Let h be 10/(-15)*9/(-2). Suppose 3*a = -2*a - h*z + 16, -5*a + 3*z + 34 = 0. Calculate the greatest common divisor of a and 1.
1
Let r be 18/(-4)*4588/(-93). What is the greatest common divisor of r and 18?
6
Let p(o) = -2*o - 8. Let b be p(-6). Let t be (28/(-3))/(b/(-12)). Let i(g) = g**3 - 4*g**2 + g. Let u be i(4). Calculate the highest common factor of t and u.
4
Suppose -2*r + 181 = 2*r - 5*t, -4*r = t - 175. Let m be 1/(-1)*(2 + 3). Let i = 6 - m. What is the greatest common divisor of i and r?
11
Suppose 18*s - 462 = -174. Calculate the highest common factor of s and 304.
16
Suppose -4*s - 2*d + 7 = -3*d, -4*s - 3*d - 5 = 0. Suppose -3*h + h + 6 = 3*z, 3 = h - z. Let i be 15*s + h/3. What is the highest common divisor of 80 and i?
16
Suppose -h = -5*l - 17, 5*l + 18 = -h + 5. Let q(s) = 5*s - 29. Let w be q(-7). Let t = -48 - w. What is the highest common divisor of h and t?
2
Let t = -3842 + 6331. What is the greatest common factor of t and 131?
131
Let v be (-46)/(((-20)/(-550))/(1/(-5))). Calculate the highest common factor of 46 and v.
23
Suppose -r + 6*r = -2*g + 515, -5*r + 1250 = 5*g. Suppose 5*k - 2*y - 270 = 0, y = -5*k - 2*y + g. What is the highest common divisor of 13 and k?
13
Let y = 837 + -829. Suppose -3*j + 2*p + 83 = p, -2*j + 2*p + 54 = 0. Let d be -3*j/(-6) + 2. Calculate the highest common factor of d and y.
8
Let u(v) = 16*v**2 - 3*v - 1. Let i be u(6). Suppose -5*f + 2*z + i = 0, 0 = -0*z - 3*z - 3. Calculate the greatest common divisor of 74 and f.
37
Let p(h) = -9*h + 38. Let u be p(4). Calculate the highest common factor of u and 178.
2
Let v(t) = 32*t**3 - t + 2. Let l be v(1). Calculate the highest common divisor of 77 and l.
11
Suppose 0 = -2*o + 4*w + 1172, -3*o + 749 + 994 = -w. Calculate the highest common factor of 40 and o.
20
Let c = 1001 - 765. What is the greatest common factor of c and 177?
59
Suppose 32*z = 31*z + 6. What is the highest common factor of z and 102?
6
Let k be 1/(1/126*(-16)/(-24)). Calculate the greatest common divisor of 42 and k.
21
Let t(f) = f**3 - 15*f**2 + 25*f + 31. Let g be t(13). What is the greatest common divisor of 12 and g?
6
Let p(k) be the third derivative of -k**5/60 + 17*k**4/24 - 6*k**3 + 8*k**2. Let x be p(8). What is the greatest common factor of x and 9?
9
Let z(s) = 25*s. Let w(g) = g. Let j(h) = -21*w(h) + 3*z(h). Let u be j(3). Suppose 0*n - 2*n = -u. Calculate the highest common factor of n and 27.
27
Let i(z) = 3*z**2 + 8*z - 2. Let r(y) = 7*y**2 + 16*y - 3. Let l(g) = 9*i(g) - 4*r(g). Let s be l(6). Calculate the highest common factor of 9 and s.
3
Suppose 14 = -35*o + 36*o. Let k = 24 - 10. Calculate the highest common divisor of k and o.
14
Suppose 195 = 5*n - 410. Calculate the greatest common factor of 33 and n.
11
Suppose 0 = -0*n + 19*n - 570. Calculate the highest common factor of 15 and n.
15
Let j(l) = -l**2 - 9*l - 6. Let y be j(-8). Suppose -3*s + 3*h = -81, 4*s = y*h + 10 + 102. Let d = s + -21. What is the highest common factor of d and 4?
4
Let q(j) = -5 + 115*j + 2*j**3 - 110*j + 3 - j**2 - 2*j**2. Let p be q(2). What is the greatest common factor of p and 3?
3
Suppose 3*u - 15*l = -13*l + 962, 0 = u - 4*l - 324. Calculate the greatest common factor of 60 and u.
20
Suppose -5*d + 19 = -6. Suppose 5*i - 16 = -0*i + 4*c, d*i + 3*c = -12. Suppose 2*t - 5 - 5 = i. Calculate the highest common divisor of 35 and t.
5
Let g = 1260 - 1184. What is the greatest common factor of g and 247?
19
Let d(i) = i - 11. Let v be d(11). Suppose 5*c + v*c = 0. Suppose 3*u + 4*f = 76 - 12, -u + 4*f = c. Calculate the greatest common factor of u and 8.
8
Let m = -17 + 43. Suppose k = -2*o + 24, -5*k = -4*k - 4*o - 42. Let x be ((-12)/k*78)/(4/(-30)). What is the greatest common factor of x and m?
26
Let m be ((-32)/(-48))/(4/30). Suppose 4*b - 547 = m*v, b + 0*b - 133 = 2*v. What is the greatest common divisor of 13 and b?
13
Suppose -393*v = -381*v - 504. Let q(b) = -b**2 + 4*b + 3. Let i be q(4). Suppose 252 = i*l + l. What is the greatest common divisor of v and l?
21
Let m(i) = -i**2 - 11*i - 5. Let g be m(-17). Let v = -106 - g. Calculate the highest common divisor of 1 and v.
1
Suppose 0 = 3*b + 2*f - 877 + 225, 5*f - 420 = -2*b. Calculate the highest common divisor of 11 and b.
11
Let h be 0*(2 - (-6)/(-4)). Suppose 0 = -h*s - 4*s + 16. Suppose -3*o - 14 = -s*o. Calculate the highest common factor of o and 70.
14
Let c = -218 - -341. Suppose p + c = 4*x + x, -p - 3 = 0. What is the greatest common divisor of 8 and x?
8
Let j be 1*18 + 3 + 0. Let a = 45 - j. Calculate the highest common divisor of a and 72.
24
Suppose 3*s + 39 = 5*j, -j = -3*s + 1 - 52. Let p be ((-12)/(-9))/((-3)/s). Calculate the greatest common divisor of 2 and p.
2
Suppose 2*g - 2*b - 309 = -g, -2*g = 2*b - 216. Calculate the gre